tors of 36 + y + -2 - -4?
2, 3, 7
Let o = 1445 + -908. List the prime factors of o.
3, 179
Suppose -f + 6*i = 2*i + 18, -2*i = 2*f - 14. Suppose -178 = -f*t + 12. What are the prime factors of t?
5, 19
Let n be 2 - (-324)/24*(-2)/3. Let p(m) = -17*m - 18. List the prime factors of p(n).
101
Let n(x) = -x**3 - 57*x**2 - 33*x + 185. List the prime factors of n(-57).
2, 1033
Suppose 9*v - 44 = -2*v. Suppose -66 = -3*l + v*i - 2*i, 0 = 4*l - 2*i - 86. What are the prime factors of l?
2, 5
Suppose j + 10 = -3*a, 4*a - 7 + 27 = -3*j. What are the prime factors of 8/(-6)*(j + (-633)/6)?
2, 73
Let l(k) = -1. Let w(i) = -i**2 + 12*i. Let n(r) = 5*l(r) + w(r). List the prime factors of n(8).
3
List the prime factors of ((-44)/3)/(20/(-2010)).
2, 11, 67
What are the prime factors of ((-1326)/(-15))/(2/5)?
13, 17
Let z(x) = -12*x**2 - x**3 - 5 - x**2 + 0*x**3 - x. Let i = 15 - 28. What are the prime factors of z(i)?
2
Suppose 2*t - 3234 = -2*v + 1572, -3*v = -4*t - 7174. What are the prime factors of v?
2, 11, 109
Let i = 1219 + -418. What are the prime factors of i?
3, 89
Let h(b) = b - 4 + 5 - b + b. Let c be h(2). Suppose -96 = 4*d - 7*d - k, c*d = 3*k + 84. What are the prime factors of d?
31
Let w(m) = -m**3 - 16*m**2 + 8*m + 35. List the prime factors of w(-18).
7, 11
Let c(t) = 8*t - 10. Let r be c(11). Let u be (-2)/(-6) - (-442)/6. Suppose 4*n - 3*o = -n + r, 0 = -5*n - o + u. What are the prime factors of n?
3, 5
Let z = 60 + 5. Let m = 164 - z. What are the prime factors of m?
3, 11
Suppose -53*g = -15*g - 60420. List the prime factors of g.
2, 3, 5, 53
Let n(d) = -d**3 - 10*d**2 + d - 37. List the prime factors of n(-12).
239
Let b(m) = m**2 + 8*m + 3. Let n be b(-8). Let j be n*(4/12 - 0). What are the prime factors of (18 + -3)/j + -1?
2, 7
Suppose 0 = 7*p - 4*p - 4*s - 22, 2*p - 4*s - 20 = 0. Suppose 576 = c + p*c. What are the prime factors of c?
2, 3
Suppose 14*n - 7*n = -315. List the prime factors of -73*(11/(-9) - 10/n).
73
What are the prime factors of 30*(651/5 + 1) - 4?
2, 983
Let n be (-16)/12*(-225)/6. Suppose o + n = 6*o. What are the prime factors of 76/o - (-24)/60?
2
Let w = -13 + 12. Suppose 5*z + 2*l = -23, -2*z = l + 5 + 5. Let t = w - z. List the prime factors of t.
2
Let w(f) = -5*f**3 + 2*f**2 + 2*f. Let m be w(-2). Suppose -10*c + 8*c = -m. List the prime factors of c.
2, 11
Let h(c) = 32*c - 138. List the prime factors of h(19).
2, 5, 47
Let u(d) = -3*d**2 + d + 3. Let f be u(3). Let q = -21 - f. Let o = q + 12. List the prime factors of o.
2, 3
Let o be 10/((-7)/(-5) + -1). Let z = -23 + o. What are the prime factors of z?
2
Let t(i) = -27 + 9*i**2 + 25 - 3*i + 0*i. List the prime factors of t(-2).
2, 5
Let d(u) = u**3 + 7*u**2 + 4*u - 20. Let b be d(-7). List the prime factors of 2/(((-1)/8)/(876/b)).
2, 73
Suppose 3*u + 5*o - 1001 = 0, 5*o + 370 = u + 63. What are the prime factors of u?
3, 109
Suppose -3*w = -5*h + 1128, 0 = 5*w - 8*w + 12. Let v = h - 59. List the prime factors of v.
13
Suppose 702 = 5*r - 5*a + 172, 3*r + 4*a = 318. Suppose 12*d - r = 542. What are the prime factors of d?
2, 3
Let k(u) = -u**3 - 8*u**2 - u - 20. Let s(o) = o**3 + 9*o**2 + 20. Let r(m) = -4*k(m) - 5*s(m). List the prime factors of r(-14).
2, 3, 5
Let g = -51 + 215. Let f = -60 + g. What are the prime factors of f?
2, 13
Suppose -4*h + 12 = -h. Let p = 10 - h. Let m = p - -45. List the prime factors of m.
3, 17
Let z = 5870 + -2974. What are the prime factors of z?
2, 181
Let s = 487 - 231. Suppose 5*q + 3*d = s, -2*q + 3*d = -43 - 51. List the prime factors of q.
2, 5
Let h be 269 + 5*4/5. Suppose -4*r + h = -r. What are the prime factors of r?
7, 13
Let b(h) = h**3 - h**2 + h + 12. Let o be 0/(1 + 2 + -5). What are the prime factors of b(o)?
2, 3
Let g be 1353/82 - (-1 + (-6)/(-4)). Suppose 0 = g*h - 15*h - 15. What are the prime factors of h?
3, 5
Let y = -38 - -17. What are the prime factors of 7/(y/9) + 228/2?
3, 37
Suppose 5*f - 9*f + 4*t + 1384 = 0, 4*t - 1010 = -3*f. What are the prime factors of f?
2, 3, 19
Let f = 10 + 2. List the prime factors of f/(-16) - 92/(-16).
5
Let m be (92 - 1)/((-5)/(-45)). Let h be m/27 - 1/3. What are the prime factors of (2/(-4))/((-1)/h)?
3, 5
Suppose 50 = 2*h + 5*y, -2*h - 3*y + 61 = 19. Suppose -3 = -3*d + h. Suppose -5*o - f = -74, d*o - 4*f - 54 = o. What are the prime factors of o?
2, 7
Let j(y) = 4*y**2 + 2*y - 1. Let l be j(1). Suppose 0 = 4*n - d - 3, d + l = 5*n. Suppose n*p - 6 = 30. List the prime factors of p.
2, 3
Let p(z) = 11*z + 1. Let o be p(-1). List the prime factors of 5/o*-32 - 3.
13
Suppose 3*y - 7*y + 20 = 0. Suppose 0 = -y*h + 192 - 72. Suppose h = 2*j - 32. List the prime factors of j.
2, 7
Let g = -7 - 13. Let w be 10/g*(-20)/2. Let r(j) = 3*j - 11. List the prime factors of r(w).
2
Suppose -3*j = 3*y - 27, 6 = -3*j + 4*y - 2. Suppose 3*g - 1316 = -j*g. What are the prime factors of g?
2, 47
Let q be ((-1)/(-2))/((-28)/(-280)). Suppose 3*x + 5*c - 529 = 0, q*c + 509 = 3*x - 0*x. List the prime factors of x.
173
Let v = 14 - 11. Let x = 6 - v. Suppose -50 = -5*f + 5*w, 18 = f + 4*w + x. List the prime factors of f.
11
Suppose -65*r = -55*r - 270. What are the prime factors of r?
3
Let s be (4/8)/((-2)/(-8)). Suppose -s*q = 3 - 11. Let n(h) = 5*h. What are the prime factors of n(q)?
2, 5
Suppose 6*q - q = 0. Suppose -5*n + 58 + 117 = q. What are the prime factors of n?
5, 7
Let n = -6 - -35. What are the prime factors of n?
29
Suppose -2*m = 0, 5*m + 444 = 3*w + 6*m. List the prime factors of w.
2, 37
Let w be (-1 - 11)/(-3*(-2)/8). Let z = w - -33. List the prime factors of z.
17
Suppose 183*n = 179*n + 1304. What are the prime factors of n?
2, 163
Let s(a) = 0 + 13*a - 2 - 5 + 6. List the prime factors of s(1).
2, 3
Suppose 48*v - 57175 = 23*v. What are the prime factors of v?
2287
Suppose -3658 = -9*f - 688. What are the prime factors of f?
2, 3, 5, 11
List the prime factors of (-328576)/(-85) + 2/5.
2, 1933
Suppose -5 = y, -4*l + 259 = -0*l - 3*y. What are the prime factors of l?
61
Let n = -25 + 29. Suppose -x + 21 - n = 0. List the prime factors of x.
17
Let a = 5 - 14. Let k = 72 - a. What are the prime factors of k?
3
Let a(d) = -d**3 - 3*d**2 + 2*d + 16. Let v(w) = -w**2 + 6*w - 7. Let r be v(6). What are the prime factors of a(r)?
2, 3, 11
Let b(m) = m**3 + 8*m**2 + 6*m. Let l(t) = -t**2 - t. Let w(c) = b(c) + 3*l(c). Let u be w(-4). Suppose u*i - 51 = -15. List the prime factors of i.
3
Suppose 0*k + 2*y = -k - 8, -2*k = y + 4. Suppose 3*z + 2*o = 97, -39 = -z - 0*z - 4*o. Suppose 2*a - z - 7 = k. List the prime factors of a.
19
Suppose -8 = -u - 4*j, -3*j = -0*u + 5*u - 23. Suppose -3*w - 47 = -u*w. List the prime factors of w.
47
Let s = 7175 - 2351. What are the prime factors of s?
2, 3, 67
Let t = -629 + 257. Let s = t - -575. List the prime factors of s.
7, 29
Suppose 4*b - 506 = 5*u, u = -0*b + 4*b - 498. List the prime factors of b.
2, 31
Suppose -3*m - 2*o + 233 = -2*m, 0 = -o - 5. Let j = 138 - m. Let i = 173 + j. What are the prime factors of i?
2, 17
Let q(p) = -p + 2. Let b be q(-6). What are the prime factors of (-6)/b + 566/8?
2, 5, 7
Suppose t + 12 = 79. Let v = t - 2. List the prime factors of v.
5, 13
Let z(f) be the second derivative of -f**5/20 - f**4/12 + f**3/6 - 5*f**2/2 - 2*f. Let w be z(0). Let d = w + 30. What are the prime factors of d?
5
Let a = -40 - -45. Suppose s - 105 = 2*n, 0 = -a*s - n + 327 + 198. List the prime factors of s.
3, 5, 7
Let o(d) = 21*d**2 - 15*d - 37. List the prime factors of o(-7).
1097
Let d = 761 - 355. What are the prime factors of d?
2, 7, 29
Suppose -5*t + 3*l - 2*l = 800, 0 = -4*l. Let r = t - -226. List the prime factors of r.
2, 3, 11
Let m(j) = 10*j**3 + j**2 + j + 1. Let w be m(-1). List the prime factors of w/(-2)*40/6.
2, 3, 5
Let k = 30 - 7. Suppose k = 5*a - 22. Suppose -5*g - 76 = -a*g. List the prime factors of g.
19
Let p(c) = 3*c - 5. Let z(f) = -10*f + 16. Let h(n) = 7*p(n) + 2*z(n). Let k be h(2). What are the prime factors of ((-10)/(-30))/(k/(-33))?
11
Let q be 0/((5*-3)/(-5)). Suppose -4*i + 4*x + 108 = q, -i + 4 + 3 = 3*x. List the prime factors of i.
2, 11
Let d be 5/(3 + -7 + 5). List the prime factors of 1/(((-15)/(-12))/d).
2
Suppose 2*g + 3 = 29. Suppose t + 40 - g = 0. Let 